{"id":1122,"date":"2023-11-16T14:55:04","date_gmt":"2023-11-16T13:55:04","guid":{"rendered":"https:\/\/autoecole-parisouest.com\/?page_id=1122"},"modified":"2023-11-17T19:09:20","modified_gmt":"2023-11-17T18:09:20","slug":"mediateur","status":"publish","type":"page","link":"https:\/\/autoecole-parisouest.com\/index.php\/mediateur\/","title":{"rendered":"Mediateur"},"content":{"rendered":"\t\t<div data-elementor-type=\"wp-page\" data-elementor-id=\"1122\" class=\"elementor elementor-1122\">\n\t\t\t\t\t\t<div class=\"elementor-inner\">\n\t\t\t\t<div class=\"elementor-section-wrap\">\n\t\t\t\t\t\t\t\t\t<section class=\"elementor-section elementor-top-section elementor-element elementor-element-a1b6186 elementor-section-boxed elementor-section-height-default elementor-section-height-default\" data-id=\"a1b6186\" data-element_type=\"section\" data-settings=\"{&quot;background_background&quot;:&quot;classic&quot;}\">\n\t\t\t\t\t\t<div class=\"elementor-container elementor-column-gap-default\">\n\t\t\t\t\t\t\t<div class=\"elementor-row\">\n\t\t\t\t\t<div class=\"elementor-column elementor-col-100 elementor-top-column elementor-element elementor-element-5140965\" data-id=\"5140965\" data-element_type=\"column\">\n\t\t\t<div class=\"elementor-column-wrap elementor-element-populated\">\n\t\t\t\t\t\t\t<div class=\"elementor-widget-wrap\">\n\t\t\t\t\t\t<div class=\"elementor-element elementor-element-2ca5973 elementor-widget elementor-widget-heading\" data-id=\"2ca5973\" data-element_type=\"widget\" data-widget_type=\"heading.default\">\n\t\t\t\t<div class=\"elementor-widget-container\">\n\t\t\t<h2 class=\"elementor-heading-title elementor-size-xl\">Mediateur<\/h2>\t\t<\/div>\n\t\t\t\t<\/div>\n\t\t\t\t\t\t<\/div>\n\t\t\t\t\t<\/div>\n\t\t<\/div>\n\t\t\t\t\t\t\t\t<\/div>\n\t\t\t\t\t<\/div>\n\t\t<\/section>\n\t\t\t\t<section class=\"elementor-section elementor-top-section elementor-element elementor-element-19123c2 elementor-section-boxed elementor-section-height-default elementor-section-height-default\" data-id=\"19123c2\" data-element_type=\"section\">\n\t\t\t\t\t\t<div class=\"elementor-container elementor-column-gap-default\">\n\t\t\t\t\t\t\t<div class=\"elementor-row\">\n\t\t\t\t\t<div class=\"elementor-column elementor-col-50 elementor-top-column elementor-element elementor-element-bc46d1f\" data-id=\"bc46d1f\" data-element_type=\"column\">\n\t\t\t<div class=\"elementor-column-wrap\">\n\t\t\t\t\t\t\t<div class=\"elementor-widget-wrap\">\n\t\t\t\t\t\t\t\t<\/div>\n\t\t\t\t\t<\/div>\n\t\t<\/div>\n\t\t\t\t<div class=\"elementor-column elementor-col-50 elementor-top-column elementor-element elementor-element-0a9151a\" data-id=\"0a9151a\" data-element_type=\"column\">\n\t\t\t<div class=\"elementor-column-wrap elementor-element-populated\">\n\t\t\t\t\t\t\t<div class=\"elementor-widget-wrap\">\n\t\t\t\t\t\t<div class=\"elementor-element elementor-element-438ef3a elementor-widget elementor-widget-text-editor\" data-id=\"438ef3a\" data-element_type=\"widget\" data-widget_type=\"text-editor.default\">\n\t\t\t\t<div class=\"elementor-widget-container\">\n\t\t\t\t\t\t\t\t<div class=\"elementor-text-editor elementor-clearfix\">\n\t\t\t\t<h1><span style=\"font-size: 20px; font-weight: normal; text-transform: inherit;\">Vous \u00eates inform\u00e9 qu&rsquo;en cas de litige, vous pouvez vous adresser au M\u00e9diateur de la F\u00e9d\u00e9ration Nationale de l&rsquo;Automobile (FNA) en vertu des nouvelles obligations du code de la consommation.&nbsp;<\/span><br><\/h1>\n<h3><span style=\"font-weight: normal;\"><br>Par voie postale \u00e0 l\u2019adresse suivante : M\u00e9diateur FNA Immeuble Axe Nord, 9-11 avenue Michelet, 93583 Saint Ouen Cedex.<\/span><\/h3>\n<h3><span style=\"font-weight: normal;\">Par mail : mediateur@fna.fr&nbsp;<br>Site internet : mediateur.fna.fr<\/span><\/h3>\n<p><\/p>\t\t\t\t\t<\/div>\n\t\t\t\t\t\t<\/div>\n\t\t\t\t<\/div>\n\t\t\t\t<div class=\"elementor-element elementor-element-fdba2a6 elementor-icon-list--layout-traditional elementor-list-item-link-full_width elementor-widget elementor-widget-icon-list\" data-id=\"fdba2a6\" data-element_type=\"widget\" data-widget_type=\"icon-list.default\">\n\t\t\t\t<div class=\"elementor-widget-container\">\n\t\t\t\t\t<ul class=\"elementor-icon-list-items\">\n\t\t\t\t\t\t\t<li class=\"elementor-icon-list-item\">\n\t\t\t\t\t\t\t\t\t\t\t<a href=\"https:\/\/autoecole-parisouest.com\/wp-content\/uploads\/2023\/11\/1-Affiche-Mediateur-FNA_professionnels-adherents-2023.pdf\">\n\n\t\t\t\t\t\t\t\t\t\t\t\t<span class=\"elementor-icon-list-icon\">\n\t\t\t\t\t\t\t<svg xmlns=\"http:\/\/www.w3.org\/2000\/svg\" width=\"800px\" height=\"800px\" viewBox=\"0 0 56 64\" xml:space=\"preserve\"><g>\t<path fill=\"#8C181A\" d=\"M5.1,0C2.3,0,0,2.3,0,5.1v53.8C0,61.7,2.3,64,5.1,64h45.8c2.8,0,5.1-2.3,5.1-5.1V20.3L37.1,0H5.1z\"><\/path>\t<path fill=\"#6B0D12\" d=\"M56,20.4v1H43.2c0,0-6.3-1.3-6.1-6.7c0,0,0.2,5.7,6,5.7H56z\"><\/path>\t<path opacity=\"0.5\" fill=\"#FFFFFF\" d=\"M37.1,0v14.6c0,1.7,1.1,5.8,6.1,5.8H56L37.1,0z\"><\/path><\/g><path fill=\"#FFFFFF\" d=\"M14.9,49h-3.3v4.1c0,0.4-0.3,0.7-0.8,0.7c-0.4,0-0.7-0.3-0.7-0.7V42.9c0-0.6,0.5-1.1,1.1-1.1h3.7 c2.4,0,3.8,1.7,3.8,3.6C18.7,47.4,17.3,49,14.9,49z M14.8,43.1h-3.2v4.6h3.2c1.4,0,2.4-0.9,2.4-2.3C17.2,44,16.2,43.1,14.8,43.1z  M25.2,53.8h-3c-0.6,0-1.1-0.5-1.1-1.1v-9.8c0-0.6,0.5-1.1,1.1-1.1h3c3.7,0,6.2,2.6,6.2,6C31.4,51.2,29,53.8,25.2,53.8z M25.2,43.1 h-2.6v9.3h2.6c2.9,0,4.6-2.1,4.6-4.7C29.9,45.2,28.2,43.1,25.2,43.1z M41.5,43.1h-5.8V47h5.7c0.4,0,0.6,0.3,0.6,0.7 s-0.3,0.6-0.6,0.6h-5.7v4.8c0,0.4-0.3,0.7-0.8,0.7c-0.4,0-0.7-0.3-0.7-0.7V42.9c0-0.6,0.5-1.1,1.1-1.1h6.2c0.4,0,0.6,0.3,0.6,0.7 C42.2,42.8,41.9,43.1,41.5,43.1z\"><\/path><\/svg>\t\t\t\t\t\t<\/span>\n\t\t\t\t\t\t\t\t\t\t<span class=\"elementor-icon-list-text\">Affiche M\u00e9diateur FNA professionnels adh\u00e9rents 2023<\/span>\n\t\t\t\t\t\t\t\t\t\t\t<\/a>\n\t\t\t\t\t\t\t\t\t<\/li>\n\t\t\t\t\t\t\t\t<li class=\"elementor-icon-list-item\">\n\t\t\t\t\t\t\t\t\t\t\t<a href=\"https:\/\/autoecole-parisouest.com\/wp-content\/uploads\/2023\/11\/2-Mediation-Focus-sur-les-obligations-des-professionnels.pdf\">\n\n\t\t\t\t\t\t\t\t\t\t\t\t<span class=\"elementor-icon-list-icon\">\n\t\t\t\t\t\t\t<svg xmlns=\"http:\/\/www.w3.org\/2000\/svg\" width=\"800px\" height=\"800px\" viewBox=\"0 0 56 64\" xml:space=\"preserve\"><g>\t<path fill=\"#8C181A\" d=\"M5.1,0C2.3,0,0,2.3,0,5.1v53.8C0,61.7,2.3,64,5.1,64h45.8c2.8,0,5.1-2.3,5.1-5.1V20.3L37.1,0H5.1z\"><\/path>\t<path fill=\"#6B0D12\" d=\"M56,20.4v1H43.2c0,0-6.3-1.3-6.1-6.7c0,0,0.2,5.7,6,5.7H56z\"><\/path>\t<path opacity=\"0.5\" fill=\"#FFFFFF\" d=\"M37.1,0v14.6c0,1.7,1.1,5.8,6.1,5.8H56L37.1,0z\"><\/path><\/g><path fill=\"#FFFFFF\" d=\"M14.9,49h-3.3v4.1c0,0.4-0.3,0.7-0.8,0.7c-0.4,0-0.7-0.3-0.7-0.7V42.9c0-0.6,0.5-1.1,1.1-1.1h3.7 c2.4,0,3.8,1.7,3.8,3.6C18.7,47.4,17.3,49,14.9,49z M14.8,43.1h-3.2v4.6h3.2c1.4,0,2.4-0.9,2.4-2.3C17.2,44,16.2,43.1,14.8,43.1z  M25.2,53.8h-3c-0.6,0-1.1-0.5-1.1-1.1v-9.8c0-0.6,0.5-1.1,1.1-1.1h3c3.7,0,6.2,2.6,6.2,6C31.4,51.2,29,53.8,25.2,53.8z M25.2,43.1 h-2.6v9.3h2.6c2.9,0,4.6-2.1,4.6-4.7C29.9,45.2,28.2,43.1,25.2,43.1z M41.5,43.1h-5.8V47h5.7c0.4,0,0.6,0.3,0.6,0.7 s-0.3,0.6-0.6,0.6h-5.7v4.8c0,0.4-0.3,0.7-0.8,0.7c-0.4,0-0.7-0.3-0.7-0.7V42.9c0-0.6,0.5-1.1,1.1-1.1h6.2c0.4,0,0.6,0.3,0.6,0.7 C42.2,42.8,41.9,43.1,41.5,43.1z\"><\/path><\/svg>\t\t\t\t\t\t<\/span>\n\t\t\t\t\t\t\t\t\t\t<span class=\"elementor-icon-list-text\">M\u00e9diation  Focus sur les obligations des professionnels<\/span>\n\t\t\t\t\t\t\t\t\t\t\t<\/a>\n\t\t\t\t\t\t\t\t\t<\/li>\n\t\t\t\t\t\t\t\t<li class=\"elementor-icon-list-item\">\n\t\t\t\t\t\t\t\t\t\t\t<a href=\"https:\/\/autoecole-parisouest.com\/wp-content\/uploads\/2023\/11\/3-Le-Mediateur-aupres-de-la-FNA.pdf\">\n\n\t\t\t\t\t\t\t\t\t\t\t\t<span class=\"elementor-icon-list-icon\">\n\t\t\t\t\t\t\t<svg xmlns=\"http:\/\/www.w3.org\/2000\/svg\" width=\"800px\" height=\"800px\" viewBox=\"0 0 56 64\" xml:space=\"preserve\"><g>\t<path fill=\"#8C181A\" d=\"M5.1,0C2.3,0,0,2.3,0,5.1v53.8C0,61.7,2.3,64,5.1,64h45.8c2.8,0,5.1-2.3,5.1-5.1V20.3L37.1,0H5.1z\"><\/path>\t<path fill=\"#6B0D12\" d=\"M56,20.4v1H43.2c0,0-6.3-1.3-6.1-6.7c0,0,0.2,5.7,6,5.7H56z\"><\/path>\t<path opacity=\"0.5\" fill=\"#FFFFFF\" d=\"M37.1,0v14.6c0,1.7,1.1,5.8,6.1,5.8H56L37.1,0z\"><\/path><\/g><path fill=\"#FFFFFF\" d=\"M14.9,49h-3.3v4.1c0,0.4-0.3,0.7-0.8,0.7c-0.4,0-0.7-0.3-0.7-0.7V42.9c0-0.6,0.5-1.1,1.1-1.1h3.7 c2.4,0,3.8,1.7,3.8,3.6C18.7,47.4,17.3,49,14.9,49z M14.8,43.1h-3.2v4.6h3.2c1.4,0,2.4-0.9,2.4-2.3C17.2,44,16.2,43.1,14.8,43.1z  M25.2,53.8h-3c-0.6,0-1.1-0.5-1.1-1.1v-9.8c0-0.6,0.5-1.1,1.1-1.1h3c3.7,0,6.2,2.6,6.2,6C31.4,51.2,29,53.8,25.2,53.8z M25.2,43.1 h-2.6v9.3h2.6c2.9,0,4.6-2.1,4.6-4.7C29.9,45.2,28.2,43.1,25.2,43.1z M41.5,43.1h-5.8V47h5.7c0.4,0,0.6,0.3,0.6,0.7 s-0.3,0.6-0.6,0.6h-5.7v4.8c0,0.4-0.3,0.7-0.8,0.7c-0.4,0-0.7-0.3-0.7-0.7V42.9c0-0.6,0.5-1.1,1.1-1.1h6.2c0.4,0,0.6,0.3,0.6,0.7 C42.2,42.8,41.9,43.1,41.5,43.1z\"><\/path><\/svg>\t\t\t\t\t\t<\/span>\n\t\t\t\t\t\t\t\t\t\t<span class=\"elementor-icon-list-text\">Le M\u00e9diateur aupr\u00e8s de la FNA<\/span>\n\t\t\t\t\t\t\t\t\t\t\t<\/a>\n\t\t\t\t\t\t\t\t\t<\/li>\n\t\t\t\t\t\t<\/ul>\n\t\t\t\t<\/div>\n\t\t\t\t<\/div>\n\t\t\t\t\t\t<\/div>\n\t\t\t\t\t<\/div>\n\t\t<\/div>\n\t\t\t\t\t\t\t\t<\/div>\n\t\t\t\t\t<\/div>\n\t\t<\/section>\n\t\t\t\t\t\t\t\t\t<\/div>\n\t\t\t<\/div>\n\t\t\t\t\t<\/div>\n\t\t","protected":false},"excerpt":{"rendered":"<p>Mediateur Vous \u00eates inform\u00e9 qu&rsquo;en cas de litige, vous pouvez vous adresser au M\u00e9diateur de la F\u00e9d\u00e9ration Nationale de l&rsquo;Automobile (FNA) en vertu des nouvelles obligations du code de la consommation.&nbsp; Par voie postale \u00e0 l\u2019adresse suivante : M\u00e9diateur FNA &hellip;<\/p>\n<p class=\"read-more\"> <a class=\"more-link\" href=\"https:\/\/autoecole-parisouest.com\/index.php\/mediateur\/\"> <span class=\"screen-reader-text\">Mediateur<\/span> Read More &raquo;<\/a><\/p>\n","protected":false},"author":1,"featured_media":0,"parent":0,"menu_order":0,"comment_status":"closed","ping_status":"closed","template":"elementor_header_footer","meta":{"footnotes":""},"class_list":["post-1122","page","type-page","status-publish","hentry"],"_links":{"self":[{"href":"https:\/\/autoecole-parisouest.com\/index.php\/wp-json\/wp\/v2\/pages\/1122","targetHints":{"allow":["GET"]}}],"collection":[{"href":"https:\/\/autoecole-parisouest.com\/index.php\/wp-json\/wp\/v2\/pages"}],"about":[{"href":"https:\/\/autoecole-parisouest.com\/index.php\/wp-json\/wp\/v2\/types\/page"}],"author":[{"embeddable":true,"href":"https:\/\/autoecole-parisouest.com\/index.php\/wp-json\/wp\/v2\/users\/1"}],"replies":[{"embeddable":true,"href":"https:\/\/autoecole-parisouest.com\/index.php\/wp-json\/wp\/v2\/comments?post=1122"}],"version-history":[{"count":25,"href":"https:\/\/autoecole-parisouest.com\/index.php\/wp-json\/wp\/v2\/pages\/1122\/revisions"}],"predecessor-version":[{"id":1517,"href":"https:\/\/autoecole-parisouest.com\/index.php\/wp-json\/wp\/v2\/pages\/1122\/revisions\/1517"}],"wp:attachment":[{"href":"https:\/\/autoecole-parisouest.com\/index.php\/wp-json\/wp\/v2\/media?parent=1122"}],"curies":[{"name":"wp","href":"https:\/\/api.w.org\/{rel}","templated":true}]}}